{"id":56,"date":"2020-09-17T20:35:01","date_gmt":"2020-09-17T20:35:01","guid":{"rendered":"https:\/\/franciscopacheco.pro\/cfp\/?post_type=product&#038;p=56"},"modified":"2020-10-03T03:28:05","modified_gmt":"2020-10-03T03:28:05","slug":"dale-libro-fisico","status":"publish","type":"product","link":"https:\/\/franciscopacheco.me\/cfp\/producto\/dale-libro-fisico\/","title":{"rendered":"DALE (Libro F\u00edsico)"},"content":{"rendered":"","protected":false},"excerpt":{"rendered":"<p>DALE funciona no solo como una metodolog\u00eda, es un estilo de vida basado en tu la unicidad de tu dise\u00f1o y prop\u00f3sito. No solo sirve para alcanzar nuevas cimas, sirve para que el escalador aprenda a disfrutar el sendero. Sirve para vivir en nuestra \u00e1rea de dise\u00f1o, donde seguramente seremos m\u00e1s efectivos y nos sentiremos m\u00e1s plenos. Sin negar que hayan problemas a tu alrededor, si adoptas este estilo de vida, har\u00e1 que llenes con tu energ\u00eda los lugares donde est\u00e9s, y ser\u00e1s capaz de atraer lo que realmente quieres.<\/p>\n","protected":false},"featured_media":57,"comment_status":"closed","ping_status":"closed","template":"","meta":[],"product_brand":[],"product_cat":[16],"product_tag":[],"class_list":{"0":"post-56","1":"product","2":"type-product","3":"status-publish","4":"has-post-thumbnail","6":"product_cat-sin-categorizar","8":"first","9":"instock","10":"shipping-taxable","11":"purchasable","12":"product-type-simple"},"_links":{"self":[{"href":"https:\/\/franciscopacheco.me\/cfp\/wp-json\/wp\/v2\/product\/56","targetHints":{"allow":["GET"]}}],"collection":[{"href":"https:\/\/franciscopacheco.me\/cfp\/wp-json\/wp\/v2\/product"}],"about":[{"href":"https:\/\/franciscopacheco.me\/cfp\/wp-json\/wp\/v2\/types\/product"}],"replies":[{"embeddable":true,"href":"https:\/\/franciscopacheco.me\/cfp\/wp-json\/wp\/v2\/comments?post=56"}],"version-history":[{"count":2,"href":"https:\/\/franciscopacheco.me\/cfp\/wp-json\/wp\/v2\/product\/56\/revisions"}],"predecessor-version":[{"id":140,"href":"https:\/\/franciscopacheco.me\/cfp\/wp-json\/wp\/v2\/product\/56\/revisions\/140"}],"wp:featuredmedia":[{"embeddable":true,"href":"https:\/\/franciscopacheco.me\/cfp\/wp-json\/wp\/v2\/media\/57"}],"wp:attachment":[{"href":"https:\/\/franciscopacheco.me\/cfp\/wp-json\/wp\/v2\/media?parent=56"}],"wp:term":[{"taxonomy":"product_brand","embeddable":true,"href":"https:\/\/franciscopacheco.me\/cfp\/wp-json\/wp\/v2\/product_brand?post=56"},{"taxonomy":"product_cat","embeddable":true,"href":"https:\/\/franciscopacheco.me\/cfp\/wp-json\/wp\/v2\/product_cat?post=56"},{"taxonomy":"product_tag","embeddable":true,"href":"https:\/\/franciscopacheco.me\/cfp\/wp-json\/wp\/v2\/product_tag?post=56"}],"curies":[{"name":"wp","href":"https:\/\/api.w.org\/{rel}","templated":true}]}}